{"id":547,"date":"2013-02-18T12:14:19","date_gmt":"2013-02-18T11:14:19","guid":{"rendered":"http:\/\/terraepopolo.noblogs.org\/?page_id=547"},"modified":"2013-02-20T16:43:15","modified_gmt":"2013-02-20T15:43:15","slug":"atto-ii-16-febbraio-2013-report-video-foto-rassegna","status":"publish","type":"page","link":"https:\/\/terraepopolo.noblogs.org\/?page_id=547","title":{"rendered":"Atto II &#8211; 16 Febbraio 2013 &#8211; Report \/ Video \/ Foto \/ Rassegna"},"content":{"rendered":"<p style=\"text-align: center\"><a href=\"https:\/\/terraepopolo.noblogs.org\/files\/2013\/02\/esporta.jpg\"><img loading=\"lazy\" decoding=\"async\" class=\" wp-image-548 aligncenter\" alt=\"esporta\" src=\"https:\/\/terraepopolo.noblogs.org\/files\/2013\/02\/esporta.jpg\" width=\"417\" height=\"181\" srcset=\"https:\/\/terraepopolo.noblogs.org\/files\/2013\/02\/esporta.jpg 852w, https:\/\/terraepopolo.noblogs.org\/files\/2013\/02\/esporta-300x129.jpg 300w\" sizes=\"auto, (max-width: 417px) 100vw, 417px\" \/><\/a><\/p>\n<p style=\"text-align: justify\">Pagina in aggiornamento&#8230;<\/p>\n<p style=\"text-align: justify\"><strong>[BREVE REPORT]<\/strong><\/p>\n<p style=\"text-align: justify\"><a href=\"https:\/\/terraepopolo.noblogs.org\/files\/2013\/02\/webversion.jpg\"><img loading=\"lazy\" decoding=\"async\" class=\"wp-image-511 alignleft\" alt=\"webversion\" src=\"https:\/\/terraepopolo.noblogs.org\/files\/2013\/02\/webversion-731x1024.jpg\" width=\"230\" height=\"323\" srcset=\"https:\/\/terraepopolo.noblogs.org\/files\/2013\/02\/webversion-731x1024.jpg 731w, https:\/\/terraepopolo.noblogs.org\/files\/2013\/02\/webversion-214x300.jpg 214w, https:\/\/terraepopolo.noblogs.org\/files\/2013\/02\/webversion.jpg 1417w\" sizes=\"auto, (max-width: 230px) 100vw, 230px\" \/><\/a>Non abbiamo molto tempo di organizzare. Il tempo di annunciarlo, preparare il manifesto e mandarlo in stampa, le locandine ed i banner web, qualche giorno per attacchinare nei bar dei paesi, gli inviti ai sindaci ed alle associazioni e via, ci siamo trovati a Sibari, alle 9 in punto. Le casse poggiate, alimentate con una prolunga che arrivava fino alla presa elettrica di un benefattore, e nonostante tutto la gente c&#8217;era. E&#8217; bastato poco tempo, perch\u00e8 sapevamo esattamente cosa fare, ma soprattutto perch\u00e8: la dignit\u00e0 della nostra terra.<\/p>\n<p style=\"text-align: justify\">C&#8217;erano anche i sindaci, non tutti, anche perch\u00e8 se \u00e8 stato frenetico per noi, lo sar\u00e0 stato anche per loro, ma c&#8217;erano per cercare un percorso nuovo, di confronto.<\/p>\n<p style=\"text-align: justify\">Due parole al microfono,\u00a0 il solito &#8220;urlatore di professione&#8221;, come lo hanno chiamato i detrattori, le ha sempre pronte, e poi parola a tutti: sindaci, cittadini, studenti, associazioni. C&#8217;\u00e8 lo spazio per dirsi &#8220;bravi!&#8221; e sottolineare i propri limiti, per acconsentire e anche dissentire. Un po&#8217; di musica, chiaramente a tema: i capolavori di Ennio Morricone fanno sorridere, ma creano anche un clima di festa.<\/p>\n<p style=\"text-align: justify\">Alla fine il treno non c&#8217;\u00e8, non ne passa uno per due ore, cos\u00ec passiamo dal western all&#8217;horror, e la presa del treno perduto diventa la presa del treno fantasma. Invadiamo i binari, blocchiamo per un&#8217;ora un &#8220;freccia rossa&#8221; che non c&#8217;\u00e8, che trenitalia e rfi hanno riservato ad altre stazioni del paese, relegandoci alle littorine del dopoguerra. Del resto quando ci hanno chiamato &#8220;fantasmi&#8221; abbiamo risposto che i fantasmi non bloccano i treni; poi \u00e8 stato il tempo delle denunce fantasma. Il treno fantasma, quello di trenitalia, \u00e8 la prosecuzione perfetta di un percorso che non si fermer\u00e0 fino a quando non sar\u00e0 dato ascolto al nostro territorio. Ripristino delle tratte a lunga percorrenza; riapertura delle stazioni; un piano di investimento nelle infrastrutture del sud. Lo ripeteremo fino ad ottenerlo.<\/p>\n<p style=\"text-align: justify\"><strong>[VIDEO]<\/strong><\/p>\n<p style=\"text-align: justify\"><a href=\"http:\/\/www.youtube.com\/watch?v=YT5gBihx6BU&amp;feature=youtu.be\">VideoReport<\/a><\/p>\n<p style=\"text-align: justify\"><a href=\"http:\/\/www.youtube.com\/watch?v=YT5gBihx6BU&amp;feature=youtu.be\"><img loading=\"lazy\" decoding=\"async\" class=\"alignleft  wp-image-571\" alt=\"videoreport\" src=\"https:\/\/terraepopolo.noblogs.org\/files\/2013\/02\/videoreport.png\" width=\"408\" height=\"229\" srcset=\"https:\/\/terraepopolo.noblogs.org\/files\/2013\/02\/videoreport.png 850w, https:\/\/terraepopolo.noblogs.org\/files\/2013\/02\/videoreport-300x168.png 300w\" sizes=\"auto, (max-width: 408px) 100vw, 408px\" \/><\/a><\/p>\n<p style=\"text-align: justify\">\n<p style=\"text-align: justify\">\n<p style=\"text-align: justify\">\n<p style=\"text-align: justify\">\n<p style=\"text-align: justify\"><a href=\"http:\/\/youtu.be\/3xjbM8fpQ0c\">Telecastrovillari<\/a><\/p>\n<p style=\"text-align: justify\"><a href=\"http:\/\/youtu.be\/3xjbM8fpQ0c\"><img loading=\"lazy\" decoding=\"async\" class=\"alignnone  wp-image-577\" alt=\"telecv\" src=\"https:\/\/terraepopolo.noblogs.org\/files\/2013\/02\/telecv.png\" width=\"384\" height=\"240\" srcset=\"https:\/\/terraepopolo.noblogs.org\/files\/2013\/02\/telecv.png 640w, https:\/\/terraepopolo.noblogs.org\/files\/2013\/02\/telecv-300x187.png 300w\" sizes=\"auto, (max-width: 384px) 100vw, 384px\" \/><\/a><\/p>\n<p style=\"text-align: justify\"><strong>[FOTO]<\/strong><\/p>\n<div id='gallery-1' class='gallery galleryid-547 gallery-columns-3 gallery-size-thumbnail'><dl class='gallery-item'>\n\t\t\t<dt class='gallery-icon landscape'>\n\t\t\t\t<a href='https:\/\/terraepopolo.noblogs.org\/?attachment_id=549'><img loading=\"lazy\" decoding=\"async\" width=\"150\" height=\"150\" src=\"https:\/\/terraepopolo.noblogs.org\/files\/2013\/02\/1-150x150.jpg\" class=\"attachment-thumbnail size-thumbnail\" alt=\"\" \/><\/a>\n\t\t\t<\/dt><\/dl><dl class='gallery-item'>\n\t\t\t<dt class='gallery-icon landscape'>\n\t\t\t\t<a href='https:\/\/terraepopolo.noblogs.org\/?attachment_id=550'><img loading=\"lazy\" decoding=\"async\" width=\"150\" height=\"150\" src=\"https:\/\/terraepopolo.noblogs.org\/files\/2013\/02\/2-150x150.jpg\" class=\"attachment-thumbnail size-thumbnail\" alt=\"\" \/><\/a>\n\t\t\t<\/dt><\/dl><dl class='gallery-item'>\n\t\t\t<dt class='gallery-icon landscape'>\n\t\t\t\t<a href='https:\/\/terraepopolo.noblogs.org\/?attachment_id=551'><img loading=\"lazy\" decoding=\"async\" width=\"150\" height=\"150\" src=\"https:\/\/terraepopolo.noblogs.org\/files\/2013\/02\/3-150x150.jpg\" class=\"attachment-thumbnail size-thumbnail\" alt=\"\" \/><\/a>\n\t\t\t<\/dt><\/dl><br style=\"clear: both\" \/><dl class='gallery-item'>\n\t\t\t<dt class='gallery-icon landscape'>\n\t\t\t\t<a href='https:\/\/terraepopolo.noblogs.org\/?attachment_id=552'><img loading=\"lazy\" decoding=\"async\" width=\"150\" height=\"150\" src=\"https:\/\/terraepopolo.noblogs.org\/files\/2013\/02\/4-150x150.jpg\" class=\"attachment-thumbnail size-thumbnail\" alt=\"\" \/><\/a>\n\t\t\t<\/dt><\/dl><dl class='gallery-item'>\n\t\t\t<dt class='gallery-icon landscape'>\n\t\t\t\t<a href='https:\/\/terraepopolo.noblogs.org\/?attachment_id=553'><img loading=\"lazy\" decoding=\"async\" width=\"150\" height=\"150\" src=\"https:\/\/terraepopolo.noblogs.org\/files\/2013\/02\/5-150x150.jpg\" class=\"attachment-thumbnail size-thumbnail\" alt=\"\" \/><\/a>\n\t\t\t<\/dt><\/dl><dl class='gallery-item'>\n\t\t\t<dt class='gallery-icon landscape'>\n\t\t\t\t<a href='https:\/\/terraepopolo.noblogs.org\/?attachment_id=554'><img loading=\"lazy\" decoding=\"async\" width=\"150\" height=\"150\" src=\"https:\/\/terraepopolo.noblogs.org\/files\/2013\/02\/6-150x150.jpg\" class=\"attachment-thumbnail size-thumbnail\" alt=\"\" \/><\/a>\n\t\t\t<\/dt><\/dl><br style=\"clear: both\" \/><dl class='gallery-item'>\n\t\t\t<dt class='gallery-icon landscape'>\n\t\t\t\t<a href='https:\/\/terraepopolo.noblogs.org\/?attachment_id=555'><img loading=\"lazy\" decoding=\"async\" width=\"150\" height=\"150\" src=\"https:\/\/terraepopolo.noblogs.org\/files\/2013\/02\/7-150x150.jpg\" class=\"attachment-thumbnail size-thumbnail\" alt=\"\" \/><\/a>\n\t\t\t<\/dt><\/dl><dl class='gallery-item'>\n\t\t\t<dt class='gallery-icon landscape'>\n\t\t\t\t<a href='https:\/\/terraepopolo.noblogs.org\/?attachment_id=556'><img loading=\"lazy\" decoding=\"async\" width=\"150\" height=\"150\" src=\"https:\/\/terraepopolo.noblogs.org\/files\/2013\/02\/8-150x150.jpg\" class=\"attachment-thumbnail size-thumbnail\" alt=\"\" \/><\/a>\n\t\t\t<\/dt><\/dl>\n\t\t\t<br style='clear: both' \/>\n\t\t<\/div>\n\n<p style=\"text-align: justify\"><strong>[RASSEGNA STAMPA]<\/strong><\/p>\n<p style=\"text-align: justify\"><a href=\"https:\/\/terraepopolo.noblogs.org\/files\/2013\/02\/co.jpg\"><img loading=\"lazy\" decoding=\"async\" class=\"alignnone  wp-image-559\" alt=\"co\" src=\"https:\/\/terraepopolo.noblogs.org\/files\/2013\/02\/co.jpg\" width=\"463\" height=\"380\" srcset=\"https:\/\/terraepopolo.noblogs.org\/files\/2013\/02\/co.jpg 772w, https:\/\/terraepopolo.noblogs.org\/files\/2013\/02\/co-300x245.jpg 300w\" sizes=\"auto, (max-width: 463px) 100vw, 463px\" \/><\/a><\/p>\n<p style=\"text-align: justify\"><a href=\"https:\/\/terraepopolo.noblogs.org\/files\/2013\/02\/quot.jpg\"><img loading=\"lazy\" decoding=\"async\" class=\"alignnone  wp-image-568\" alt=\"quot\" src=\"https:\/\/terraepopolo.noblogs.org\/files\/2013\/02\/quot.jpg\" width=\"341\" height=\"378\" srcset=\"https:\/\/terraepopolo.noblogs.org\/files\/2013\/02\/quot.jpg 811w, https:\/\/terraepopolo.noblogs.org\/files\/2013\/02\/quot-270x300.jpg 270w\" sizes=\"auto, (max-width: 341px) 100vw, 341px\" \/><\/a><\/p>\n<p style=\"text-align: justify\"><strong>[Rassegna Web &#8211; Sintesi]<\/strong><\/p>\n<p style=\"text-align: justify\"><a href=\"http:\/\/www.manifestiamo.eu\/2013\/02\/16\/sibari-la-presa-del-treno-perduto\/\">http:\/\/www.manifestiamo.eu\/2013\/02\/16\/sibari-la-presa-del-treno-perduto\/<\/a><\/p>\n<p style=\"text-align: justify\"><a href=\"http:\/\/www.ilquotidianoweb.it\/news\/cronache\/711022\/-Adesso-basta-con-le-ferrovie.html\">http:\/\/www.ilquotidianoweb.it\/news\/cronache\/711022\/-Adesso-basta-con-le-ferrovie.html<\/a><\/p>\n<p style=\"text-align: justify\"><a href=\"http:\/\/www.approdonews.it\/index.php\/component\/content\/article\/48-catanzaro\/27048--riprendere-il-treno-giusto.html\">http:\/\/www.approdonews.it\/index.php\/component\/content\/article\/48-catanzaro\/27048&#8211;riprendere-il-treno-giusto.html<\/a><\/p>\n<p style=\"text-align: justify\"><a href=\"http:\/\/www.savaglio.eu\/index.php\/esteri35\/15-politica\/politica-in-calabria\/1287-sibari-la-presa-del-treno-perduto\">http:\/\/www.savaglio.eu\/index.php\/esteri35\/15-politica\/politica-in-calabria\/1287-sibari-la-presa-del-treno-perduto<\/a><\/p>\n<p style=\"text-align: justify\"><a href=\"http:\/\/www.sibari.info\/index.php?option=com_content&amp;task=view&amp;id=3270&amp;Itemid=69\">http:\/\/www.sibari.info\/index.php?option=com_content&amp;task=view&amp;id=3270&amp;Itemid=69<\/a><\/p>\n<p style=\"text-align: justify\"><strong>[COMUNICATO]<\/strong><\/p>\n<h3 style=\"text-align: justify\">Un&#8217;altra giornata di festa e di difesa del nostro territorio. Ora pretendiamo risposte.<\/h3>\n<p style=\"text-align: justify\">\u00c8 accaduto di nuovo ed accadr\u00e0 ancora. Centinaia di cittadini hanno presidiato per quattro ore la stazione ferroviaria di Sibari per difendere la dignit\u00e0 ed il futuro del nostro territorio, una dignit\u00e0 violata dallo stato drammatico in cui versano le nostre infrastrutture. L&#8217;arroganza ormai conclamata delle aziende delle ferrovie (RFI e Trenitalia), le quali hanno letteralmente staccato la sibaritide dal resto del continente, in complicit\u00e0 con la completa assenza dell&#8217;assessore regionale ai trasporti, hanno reso la tratta ionica delle ferrovie un monumento all&#8217;arretratezza ed all&#8217;abuso. Sulla nostra terra, infatti, \u00e8 colpevolmente negato di fatto un diritto sancito dalla carta dei diritti dell&#8217;uomo e dai principi della comunit\u00e0 europea, il diritto alla mobilit\u00e0. Non ci sono soldi? Strano, visto i milioni di euro che i governi stanno stanziando per la tratta ad alta velocit\u00e0 Torino \u2013 Lione, nonostante l&#8217;opposizione delle comunit\u00e0 di quei luoghi.<\/p>\n<p style=\"text-align: justify\">Gi\u00e0 il 15 settembre scorso i cittadini hanno presidiato la stazione di Rossano, bloccando i treni, o meglio l&#8217;unico che passava, per oltre un&#8217;ora ed annunciando una campagna di mobilitazione di lunga durata per ottenere il ripristino delle tratte a lunga percorrenza, la riapertura delle stazioni ed un piano di investimento sulle infrastrutture del meridione. Appena qualche settimana le forze dell&#8217;ordine annunciavano denunce nei confronti di coloro che parteciparono all&#8217;atto primo di questa campagna, rispondendo alle sollecitazioni di Trenitalia la quale, probabilmente, credeva che agitando il cappio avrebbe costretto di nuovo la nostra gente nel silenzio. Evidentemente non \u00e8 cos\u00ec.<\/p>\n<p style=\"text-align: justify\">I binari da \u201cfar west\u201d che attraversano la piana sono stati invasi da cittadini a testa alta, tra cui molti studenti medi e studenti universitari, a cui si sono unite numerose istituzioni locali tra cui i sindaci di Cassano, Cariati e Francavilla. Il dibattito ha fatto emergere l&#8217;esigenza di continuare un percorso unitario, civile ma determinato, tra istituzioni e societ\u00e0 civile per interrompere l&#8217;isolamento e l&#8217;abbandono della nostra terra, dando inizio ad una stagione di valorizzazione delle risorse della sibaritide, tanto abbondanti quanto dolosamente inaccessibili e nascoste.<\/p>\n<p style=\"text-align: right\">\u00a0<em>Il Comitato Promotore<\/em><\/p>\n<p style=\"text-align: right\"><em>La presa del Treno Perduto<\/em><\/p>\n<p style=\"text-align: right\"><em>(Associazioni e Movimenti dello Ionio Calabrese)<\/em><\/p>\n<p>info: trenoperduto@gmail.com<\/p>\n","protected":false},"excerpt":{"rendered":"<p>Pagina in aggiornamento&#8230; [BREVE REPORT] Non abbiamo molto tempo di organizzare. Il tempo di annunciarlo, preparare il manifesto e mandarlo in stampa, le locandine ed i banner web, qualche giorno per attacchinare nei bar dei paesi, gli inviti ai sindaci &hellip; <a href=\"https:\/\/terraepopolo.noblogs.org\/?page_id=547\">Continua a leggere<span class=\"meta-nav\">&rarr;<\/span><\/a><\/p>\n","protected":false},"author":6291,"featured_media":0,"parent":194,"menu_order":0,"comment_status":"open","ping_status":"open","template":"","meta":{"footnotes":""},"class_list":["post-547","page","type-page","status-publish","hentry"],"_links":{"self":[{"href":"https:\/\/terraepopolo.noblogs.org\/index.php?rest_route=\/wp\/v2\/pages\/547","targetHints":{"allow":["GET"]}}],"collection":[{"href":"https:\/\/terraepopolo.noblogs.org\/index.php?rest_route=\/wp\/v2\/pages"}],"about":[{"href":"https:\/\/terraepopolo.noblogs.org\/index.php?rest_route=\/wp\/v2\/types\/page"}],"author":[{"embeddable":true,"href":"https:\/\/terraepopolo.noblogs.org\/index.php?rest_route=\/wp\/v2\/users\/6291"}],"replies":[{"embeddable":true,"href":"https:\/\/terraepopolo.noblogs.org\/index.php?rest_route=%2Fwp%2Fv2%2Fcomments&post=547"}],"version-history":[{"count":12,"href":"https:\/\/terraepopolo.noblogs.org\/index.php?rest_route=\/wp\/v2\/pages\/547\/revisions"}],"predecessor-version":[{"id":558,"href":"https:\/\/terraepopolo.noblogs.org\/index.php?rest_route=\/wp\/v2\/pages\/547\/revisions\/558"}],"up":[{"embeddable":true,"href":"https:\/\/terraepopolo.noblogs.org\/index.php?rest_route=\/wp\/v2\/pages\/194"}],"wp:attachment":[{"href":"https:\/\/terraepopolo.noblogs.org\/index.php?rest_route=%2Fwp%2Fv2%2Fmedia&parent=547"}],"curies":[{"name":"wp","href":"https:\/\/api.w.org\/{rel}","templated":true}]}}